(-2)?
2
Suppose 5*y - 3*z = 32, 0 = 6*y - 2*y - 2*z - 26. Let c(q) = -q**2 + 5*q + 8. Let t be c(y). What is the units digit of (-93)/(-9) - (-2)/t?
0
What is the tens digit of (48/(-10))/(1/(-5))?
2
Let q be 0 + 35/5 + (-1 - 0). Suppose 4*o - 49 = 31. What is the units digit of q/3 - o/(-2)?
2
Suppose 35 - 90 = -5*r. Let i = r - 11. Suppose i = t - 0 - 5. What is the units digit of t?
5
What is the units digit of (-14)/(-42) - (-268)/6?
5
Suppose 0 = 5*z - z - 56. What is the units digit of z?
4
Let j = -55 - -222. What is the tens digit of j?
6
Suppose z = -z - 4. What is the units digit of -3 - (3 + z)*-8?
5
Let v(o) be the first derivative of o**3/3 + 4. What is the units digit of v(1)?
1
Let t(y) = 6*y**2 - 4*y**2 + 7*y + 2 - 2*y. What is the units digit of t(-4)?
4
Suppose b - 2 = 0, 2*b - 437 = -5*n + 6*b. What is the tens digit of n?
8
Let n(q) = -q**3 - 9*q**2 + 3. Let f be ((-2)/1)/2*9. What is the units digit of n(f)?
3
Let f = 9 + -4. Let y be 4/f*40/16. Suppose 0*c - y*c = -28. What is the tens digit of c?
1
Let z(f) = 5*f**2 + 3*f - 4. What is the units digit of z(-3)?
2
Suppose -5*j + 4*r - 11 = 0, -5*j + 0*r = -r - 1. What is the units digit of j?
1
Let v(d) = d**2. Suppose -3*m + 4*m - 1 = 0. What is the units digit of v(m)?
1
Suppose -405 = -64*u + 59*u. What is the tens digit of u?
8
Let y = 8 - 6. Suppose -4*j - 15 = -o, o + y*j - 4 - 5 = 0. What is the tens digit of o?
1
Let z = -15 + 7. Let n(g) = -g**2 - 14*g - 9. Let i(v) = 3*v**2 + 41*v + 26. Let d(b) = -4*i(b) - 11*n(b). What is the tens digit of d(z)?
1
Let s(w) = w**2 - 12*w. What is the tens digit of s(15)?
4
Let x be (12/9)/(2/3). Suppose -2*c - 4*p - 6 = 0, 16 = 2*c + x*c + p. Suppose 5*g - 17 = -4*n, 4*n - 5*g = c + 2. What is the units digit of n?
3
Let v(w) = w**2 + 4*w - 7. Let i be v(-6). Let x be 5/(i/8) - 2. What is the units digit of x - (-2 + 1 + 2)?
5
Let n(l) = 2*l**2 + 6*l - 4. Suppose 3*f + u + 7 = -u, 0 = f - 2*u + 13. What is the tens digit of n(f)?
1
Suppose 3*z + 2*z = -35. Let x(j) = j**3 + 8*j**2 + 5*j - 8. What is the units digit of x(z)?
6
Suppose 5*p - 187 = -4*g, -2*p = -4*g + 120 + 74. Suppose -200 = -5*u - 2*d, 2*d - g + 152 = 3*u. What is the units digit of u?
8
Suppose -2*n - 3*n = -200. What is the units digit of n?
0
Suppose 9 = -3*r + 24. Suppose r*k + 5 = -p + 39, k + 4*p - 3 = 0. Let f = -2 + k. What is the units digit of f?
5
Suppose 4*p + 3 + 3 = 3*t, 5*t + 3*p = 10. Let j(z) = z + 5. Let h be j(-5). Let x = h + t. What is the units digit of x?
2
Let b(n) = -3*n + 2. Suppose 0 = -t + 3*t + 6, 4*s + 3*t = -25. What is the units digit of b(s)?
4
Let o(u) = 6*u - 3. Let b(v) = -5*v + 4. Let j(k) = -4*b(k) - 5*o(k). What is the tens digit of j(-2)?
1
Let r = 12 + -10. What is the tens digit of -1 + r - (-10 + -4)?
1
Let v be 4*(17/4 + -3). Let w = 14 - v. What is the units digit of w?
9
Let l(j) = -2*j**3 - j**2. Let v be l(-1). Let i = 5 + v. What is the units digit of i?
6
Suppose -4*t = -4*c - 436, 756 = 5*t - c + 211. What is the tens digit of t?
0
Let l(q) = -q + 3. Suppose -2*a + 6*a = -16. Let d = a + 1. What is the units digit of l(d)?
6
Suppose -2*c = 2*p - 3*c - 66, 4*c = 4*p - 140. What is the units digit of p?
1
Let k = -27 + 44. What is the tens digit of k?
1
Let g(a) = -a**3 + a + 7. Let n be g(0). Let y be (2/(-1) + n)*2. Let m = y - 9. What is the units digit of m?
1
Let z(n) = -7*n - 7. Let t(k) = -8*k - 7. Let j(y) = -2*y**3 - 3*y**2 - y. Let h be j(-2). Let x(o) = h*z(o) - 5*t(o). What is the units digit of x(-9)?
1
Let u(w) = -w**2 + 5*w - 2. Let g be u(5). Let b(j) = j**3 + 2*j**2 - 3*j - 3. Let i be b(g). Suppose i = -4*o + 5*o. What is the units digit of o?
3
Suppose -2*t = -t + 3. Let r(g) = 4*g**2 - 3*g + 1. What is the units digit of r(t)?
6
Suppose 7*w - 42 = 392. What is the units digit of w?
2
Suppose -5*y = -5*r + 1435, 2*r - 268 = -5*y + 320. What is the tens digit of r?
8
Let d = 71 - 43. Suppose 5*f - 3*f - d = 0. What is the units digit of f?
4
Suppose -117 = -3*h + w, -4*w + 3 = -5*w. What is the tens digit of h?
3
Let v be (-8)/(-32) - 78/(-8). Suppose -2*k + v = 4*h, -4*k = -k + h - 35. What is the tens digit of k?
1
What is the units digit of ((-234)/10)/(-2*(-1)/(-10))?
7
Suppose 5*y + 0*y - 10 = 0. Suppose 0 = y*u - u - 1. What is the units digit of u?
1
Suppose -17 = -3*q - 4*m, -2*q + 2*m + 12 = 5*m. Suppose 0 = -5*k + 4*a + 101, q*k + 4*a - 38 = 29. What is the units digit of k?
1
Suppose -6*z = -10*z + 192. What is the units digit of z?
8
Let y(h) = -h**3 - 6*h**2 + 2. Let t be y(-6). What is the units digit of (11 - -6)*2/t?
7
Suppose 2*n - 21 = -5*j, 0 = 5*n - 4*n - 5*j - 3. Suppose -4*o = -6*o + n. What is the units digit of o?
4
Let u(q) = 6*q**2 + q. Let h be u(1). Suppose -2*t - 21 = -5*c, c + 3*c + 4*t = 0. Suppose -c*o + h = -8. What is the units digit of o?
5
What is the units digit of 6/(-14) + (-1038)/(-21)?
9
Let s = 13 + -19. Let m be (-15)/s*(-8)/10. What is the units digit of 2 + 1 + 4/m?
1
Suppose 0 = -4*h - d + 261, 0 = -4*h + d + 4*d + 279. What is the tens digit of h?
6
Let s be (35/4)/((-9)/(-36)). Suppose s = 4*j + j. What is the units digit of j?
7
Suppose 3*q - 2*s - 168 = 0, 96 = -4*q + 2*s + 320. What is the tens digit of q?
5
Let k = 1 - -1. Let x be (1 + k)*(-2 + 3). Suppose c - x = 6. What is the units digit of c?
9
Let i(w) = -w**3 - 6*w**2 + 5*w + 17. What is the tens digit of i(-7)?
3
Let i(k) = -k**2 - 18*k - 38. What is the units digit of i(-11)?
9
Suppose -4*r = 2 + 30. What is the units digit of (r/(-6))/(6/9)?
2
Let z = 11 + -12. Let x be (-2)/(-5) + 24/(-10). What is the units digit of (x/z - 7)*-1?
5
Let l(v) = 3*v - 3. Let b(t) = t**2 + 3*t - 3. Let j(k) = 6*b(k) - 7*l(k). What is the units digit of j(2)?
1
Let i = -7 - -34. What is the tens digit of i?
2
Let x(m) = -m + 5. Let c be x(10). Let z = c - -11. What is the units digit of z?
6
Suppose 0*n - 28 = 2*n. What is the units digit of (0 - -6)*(-21)/n?
9
Suppose -38 = -5*d - 3*z, 10 = -5*d - 4*z + 49. What is the units digit of d?
7
Let u = 12 - 8. Let m = u + 4. What is the units digit of m?
8
Let a(x) = -3*x**3 + x**2 - 6*x - 2. What is the hundreds digit of a(-4)?
2
Let b = -14 - -34. Suppose -7*i + 6*i = -b. What is the tens digit of i?
2
Suppose -2 = -n - 4. Suppose 2*p - 26 = -4. Let v = p - n. What is the tens digit of v?
1
Let v be 6/((-27)/(-6) + -3). Suppose -4*y - v*k = -56, -k + 45 + 11 = 4*y. Suppose 4*p = 22 + y. What is the units digit of p?
9
Let u(i) be the second derivative of i**6/360 + i**5/24 + i**4/6 - i**3/2 + 3*i. Let c(d) be the second derivative of u(d). What is the units digit of c(-5)?
4
Let x = -12 + 18. Let z = x + -1. Suppose -y - 2 + z = 0. What is the units digit of y?
3
Let s(g) = -45*g + 21. What is the hundreds digit of s(-6)?
2
Suppose -d + 9 = -0*d. What is the units digit of d?
9
Let i(g) = 3*g - 7. Let h(p) = -p. Let w(r) = -2*h(r) - i(r). What is the units digit of w(-8)?
5
Let h(z) = z**3 + 3*z**2 - 5*z + 3. Let o be h(-4). Suppose -2*p + 0*p - 4*w = -18, 2*p = 4*w + 26. Let i = p - o. What is the units digit of i?
4
Let h(d) = -2*d**3 + 3*d**2 - 2. Let i be h(2). Let f = i - -8. What is the units digit of f?
2
Let s(i) = i + 2. Let a be s(-2). Suppose -3*o = -a*o - 24. What is the units digit of o?
8
Let w(i) = -i**2 + 6*i + 3. What is the units digit of w(6)?
3
Let z(i) = i**3 + 5*i**2 + i - 7. What is the units digit of z(-4)?
5
Suppose 0 = 3*f - 15, -2*f - f - 72 = -3*z. Let b = z + -15. What is the tens digit of b?
1
Let q(t) = -t + 8. Let v be q(6). Suppose v*d = -d. What is the units digit of 13 + d - 2/1?
1
Let k = 9 - 5. What is the units digit of (-27)/(-21) - k/14?
1
Let o(w) = w**3 + 4*w**2 - 7*w - 3. Let a be (30/12)/((-1)/2). What is the units digit of o(a)?
7
Let l(k) = k**2 + 17*k + 23. What is the units digit of l(-16)?
7
Let c(u) = -u + 9. Let s be c(7). Let k be 2 + -1 + s + 2. Suppose 0 = 5*g - 4*r - 41, 0*g - 3*g - k*r - 5 = 0. What is the units digit of g?
5
Let n(f) be the second derivative of -2*f**3/3 + 7*f**2/2 + 6*f. What is the units digit of n(-4)?
3
Suppose 0 = 2*o + 5 - 11. Let u(s) = -o*s + 3*s + 7 - s. What is the units digit of u(3)?
4
Let c(y) = 3*y**3 - 3*y**2 + 2*y + 3. Let p be c(4). Suppose -z + 19 = 4*q, -4*z = z 